(-34 - -44).
21
1 + 1 + (32 - 54)
-20
Calculate (78 - 89) + (-1 - 1).
-13
Calculate (-7 - -17 - (7 - -2)) + 0 + -10.
-9
What is the value of -22 + (21 - (-23 - -17))?
5
Calculate -3 + (-3 - -11 - 6) - 11.
-12
Calculate (-1 - (1 - 5)) + 22 - (47 - 38).
16
What is 3 + -12 + -7 + 10 + 0 + -1?
-7
Calculate 10 + 12 + -30 + 0.
-8
Calculate 6 + 16 + -20 + -14 + 0 + -5.
-17
(-25 - -16 - -26 - 40) + -8
-31
Evaluate -130 + 129 + -1 + 1.
-1
What is (14 - 7 - 6) + -1 + -9 + 1?
-8
What is -6 + (9 - 8) + -1 + (-12 - -3)?
-15
Calculate 5 + (-46 - -17 - (-11 + 2)).
-15
Calculate 11 - (12 + -1 + -4).
4
What is the value of (-8 - -30 - 11) + (0 - (1 - 1))?
11
What is the value of 67 + (20 - 25) + -32?
30
(-16 + 1 - (-5 + -1)) + 2 - -3
-4
Calculate (-16 - -8) + 16 + 2.
10
What is -17 + (15 - 23) - -12?
-13
What is the value of -6 + 36 + -16 - 29?
-15
Calculate -38 + (55 - 0 - -17).
34
What is the value of 21 + (1 - -4 - 7 - 5)?
14
Evaluate 12 + 4 + -9 + 27 + -29 + 10.
15
Calculate (50 - 62) + (-4 + 3 + 2 - 0).
-11
Evaluate -4713 + 4719 + (14 - (-1 + 0)).
21
(13 - 25) + 17 + (3 + -5 - -31)
34
What is the value of -29 + -24 + 48 + -10 + 2?
-13
Evaluate (-234 - -231) + (-17 - -1).
-19
Evaluate 0 - 2 - (9 + 2) - (-1 - 5).
-7
What is the value of 19 + 20 + -29 + -3 - (8 + 0)?
-1
Calculate -1 - (7 - (-2 + -1 + 0)).
-11
10 + 4 + -6 + -14
-6
What is 22 + (0 - -5 - 1 - 4) - 4?
18
29 + (-95 + 36 - 6)
-36
What is 8 + (-11 - 7) + 18?
8
What is 5 + -2 + 7 + (53 - (42 + 2))?
19
Calculate 0 + 4 + 1 + -53 + (-31 - -72).
-7
-14 - (37 - 72 - -20)
1
-11 - -23 - 4 - (9 - 16)
15
What is (-2 - 3) + -28 + 25?
-8
What is 19 - (10 + 4 - 1)?
6
What is the value of -22 - -17 - (5 + (7 - (17 + -3)))?
-3
Evaluate (12 - 25 - 1) + 24 + 7.
17
Calculate 11 - (6 - (-5 + 2)).
2
What is the value of 11 - (-3 + 5) - (348 - 337)?
-2
46 + 6 + -26 - 27
-1
-22 + (5 + -4 - 3) - -7 - -6
-11
What is -6 - -10 - (62 + -70)?
12
What is the value of 4 + (-10 + 3 - (9 + -8 + -8))?
4
Calculate -13 + (11 - 55) + 80.
23
1 + -7 + 2 - (-41 + 22 + 14)
1
(-7 - 1) + 1 + 7 + -5
-5
Calculate 110 + -109 - (-10 - 0) - 32.
-21
Evaluate (-75 + 42 - -42) + (-34 - 1).
-26
-1 + -1 + 2 + (-56 - -45)
-11
What is the value of (-28 - -23) + 7 + 5?
7
What is 4 - ((0 - (-9 + 13)) + 10)?
-2
-1 + 9 - (-21 - -34) - (-35 + 5)
25
-56 + 54 + 1 + -12
-13
Calculate -18 + 2 - (4 - (2 + 6)).
-12
What is (-1 - 2) + (-4 + -21 - -26) + 7?
5
What is the value of ((-3 - -2) + -7 - (49 + -57)) + 6?
6
What is (-17 - -31) + 3 + 0 + -7?
10
Calculate 24 + 6 + (-31 - 20).
-21
Calculate -8187 - -8176 - (13 + -1 - 1).
-22
2 - 0 - (-348 + 334) - 6
10
What is 1 + 1 + -3 + -13?
-14
What is the value of -11 + (21 - 29) + -1 + 17 - 5?
-8
What is the value of 4 - (15 + (-35 - -16))?
8
Evaluate -24 - -20 - (-2 + 0 + -11).
9
Evaluate -2 - 7 - -21 - 19.
-7
(21 - 42) + 14 + (-2 - 0) + 23
14
What is the value of (-2 - (13 + -10)) + (0 - 6 - 9)?
-20
(-2 + 4 - 4) + (-71 - -76)
3
What is -69 + 2 - (487 - 531)?
-23
-4 + (-73 + 94 - (1 + 0))
16
Calculate -85 - -56 - (-4 - 3).
-22
Evaluate 30 + (25 - 53) + 1 + 12.
15
Evaluate (16 - 2) + (105 - 98).
21
Evaluate 35 + (-40 - (-32 - -24)).
3
Evaluate 25 + -9 - 26 - (0 + (-4 - -13)).
-19
What is (-16 - -6) + 6 + 1?
-3
What is 9 + (12 - 16) + (-3 - 4)?
-2
Evaluate 12 - ((1 - -4 - 3) + -4).
14
Calculate -3 + 7 + -3 - (13 + -24 - -9).
3
Evaluate -8 + 0 - (21 - 33).
4
Evaluate -49 + 36 - (-1 - -7) - -1.
-18
Calculate -12 + 7 + (17 - 12).
0
(-3 - -3) + 2 + -3 + (42 - 41)
0
What is the value of 22 + 1 + -11 + -14?
-2
What is 3 - ((5 - -3) + (12 - -2) + 0)?
-19
What is the value of (11 - -1 - -6 - 11) + -1?
6
Calculate (-4 - -6 - (-9 - -9)) + -1 + 12.
13
Calculate 7 + (-5 + 9 + -7 - -5 - -1).
10
Calculate 48 + -26 + -15 - 2.
5
-2 + (-7 - 1) + 0 + 2
-8
Evaluate 5 + -7 + (18 - (0 - -8)) - 16.
-8
(-8 - (-13 + 0 + 6 - 5)) + -6
-2
Evaluate (1 - (-16 - -4)) + -12 - (-1 - 1).
3
What is the value of 0 + (-3 - -2) + -4 - (245 + -251)?
1
Calculate -11 - (-5 + 0 + (7 - 2 - 2)).
-9
12 - 4 - (52 - 15 - 23)
-6
What is the value of -13 - (12 + (-1 - 18)) - -4?
-2
Calculate 15 + -1 + (-10 + 4 - -1) + -40.
-31
Evaluate -7 + (17 - 5) + 5 + -5.
5
What is -25 - -4 - (-16 + 8)?
-13
What is the value of -2 - (18 + -1 + (-92 - -89))?
-16
Calculate -1 - (9 - 2) - (17 - (19 + -5)).
-11
What is 13 - (18 + (6 - 5) + -10)?
4
Calculate 2 + 1 - (-34 + (21 - -6)).
10
-13 - -16 - (-5 - (0 - 3) - 2)
7
What is the value of 4 - ((-6 + 0 + 3 - 4) + 1)?
10
What is 20 - (0 - (-2 + -5 + -2))?
11
201 + -196 + (13 - (2 + -1))
17
What is -6 + -3 + 9 + -12?
-12
What is the value of (7 - 12) + (-1 + -2 - -5) - 0?
-3
1 + 24 + (7 - (-1 + 4)) + 1
30
13 - ((3 - 9) + (14 - 1) + 0)
6
(237 - 245) + 2 + -4 + -1
-11
What is (-13 + 0 - (2 + 3)) + 2?
-16
What is 21 - ((-36 - -14) + 41)?
2
Calculate -7 + (-8 - (32 + -38)).
-9
Evaluate -3 + (-6 - 1) - (-18 - 2).
10
-2 + (34 - 32) + 2 + -8 + 2
-4
Evaluate 7 - (17 + -10 + (0 - -1)).
-1
-2 - (42 + -57 + 11 + -3)
5
What is the value of -2 + 9 + (-10 - (-10 + 2)) + -8?
-3
Evaluate -2 + (-16 - (-8 - -2)).
-12
What is 4 + (22 + 1 + -2 - 7 - 5)?
13
What is (8 + -2 - 10) + (-2 - -3) + 6?
3
Evaluate 8 + -6 + -3 + (7 - -1).
7
What is the value of (-1 - -44) + -37 - 33?
-27
What is the value of 15 + (-3 - -20 - 20)?
12
What is the value of -21 + (20 - 3) + -1 + (0 - 0)?
-5
What is 2 - (3 + -6 + (0 - -3) + -9)?
11
What is the value of 45 - (-14 - -48) - 23?
-12
Calculate (19 - (14 + -7)) + (5 - 33).
-16
What is (0 - (2 - 2)) + -2 + (71 - 69)?
0
Calculate -7 + 2 - (6 + -12 + -5 + 15).
-9
What is the value of 13 - (-1 - -7) - (-6 + 14 + -11)?
10
What is 42 + -24 + -10 + 8 + 1?
17
What is the value of -38 + (19 - -12) + -2?
-9
Calculate 33 - (76 - 1) - -12.
-30
Calculate -10 - (-15 - -7 - -17 - -3).
-22
What is the value of -6 + 6 + -5 + 9 - 5?
-1
(42 - 32) + -7 - (-2 - 1)
6
Calculate -4 + (-16 - (-22 + 16)).
-14
Evaluate 6 + 4 + -9 + -2.
-1
Evaluate -4 + 1 + (-13 - -13) + -9.
-12
Evaluate (3 - 4) + -5 + (6 - 13) + -3.
-16
What is the value of -3 + 34 + (107 - 122)?
16
What is the value of -3 + (0 - (-9 - -1 - (12 + -14)))?
3
What is (-2 - (-5 - -5)) + 6 + -14 - -4?
-6
What is 26 + (3 - 10) + 3 + -4 + -1?
17
Calculate 1 + -12 + 209 + -201.
-3
4 - (1 + 11 + -12)
4
Calculate 19 - (4 - (-9 + -10)).
-4
((-10 - (3 - 3)) + 4 - -24) + -5
13
What is (2 - 15 - -4) + -3 + 25?
13
Evaluate -9 + -1 - -17 - (-5 - (-2 - 3)).
7
What is 38 + 15 + -35 + (2 - 14)?
6
(-6 - (6 + (3 - -3))) + -9 + 17
-10
Calculate (2 - -14) + (-12 - 0).
4
Calculate (-4 + (6 - -2) + -9 - -7) + -6.
-4
Evaluate (-1 - -5) + -13 - ((7 - -7) + -20).
-3
-2 - 8 - -4 - -12
6
Calculate (-1 - -21) + 12 + -12 + -8 + 2.
14
What is (-26 - -26) + 16 + -25?
-9
Evaluate -1 + 1 - ((20 - 5) + (23 - 34)).
-4
Evaluate 11 + 3 + (-7 - (7 + -19)).
19
Calculate (104 - 111) + (0 - 0 - (2 - -4)).
-13
Calculate 1 + 0 + -18 + 12 + -18 + 2.
-21
What is the value of 48 + (-17 - -55 - 102)?
-16
Evaluate (-88 - -88 - (-1 - -9)) + 30.
22
What is the value of 9 + -11 - (10 - (10 - 8))?
-10
-1 + 1 + 7 + (30 - 37) + -14
-14
What is the value of 15 + -1 - (-153 - -192)?
-25
What is 38 + (32 - (14 - -69))?
-13
What is -39 - (-33 - (-49 + 32))?
-23
13 + 1 + (-9 - -1)
6
What is the value of -137 - -135 - (25 - -3)?
-30
Evaluate 25 - (-8 - -11 - (-1 + -6)) - 5.
10
-5 + (-8 - -14) + 15 + -5
11
Evaluate (66 - 66) + (-1 - (3 - -11)).
-15
What is the value of -22 + 2 + 1 + -5 + 16 + -5?
-13
What is 4 + (-11 + (-14 - -26) - (-6 - -1))?
10
(-2 - -6) + (64 - 58) - 12
-2
What is 1 + 0 - 7 - (-5 + 0) - -1?
0
What is (-3 - 8) + -6 + (6 - 1 - -7)?
-5
Evaluate 0 + 8 + -69 + (-94 - -157).
2
Calculate -7 + 17 + (1 - -17 - (23 + -16)).
21
Evaluate 4 + 1 - (-11 + (14 - 1)).
3
-12 + -5 + 11 + 12
6
What is -9 + 4 + 7 - 12?
-10
(24 - (9 + 5)) + -20
-10
What is 17 + (18 - 49) - (1 + 2 - 5)?
-12
What is the value of -13 + 8 + 14 + 13 + -30?
-8
Evaluate 59 - 51 - (14 + 3).
-9
Calculate (-1 - 10) + (-21 - (25 + -41)).
-16
What is 17 + -1 - (10 - (-3 + 2 + 14))?
19
Calculate -43 + (43 - (33 - 68)).
35
What is 7 - (3 - -12 - 0)?
-8
Evaluate 14 - ((15 - (-20 + 41)) + 7 + -2).
15
Calculate -5 - (-5 + (-1 - 2 - (-19 + 21))).
5
What is (-13 - -51 - 17) + -4 + 0 + -1?
16
Calculate 5 + -1 - (12 + -19).
11
Evaluate (-9 + -20 - -10) + -7.
-26
8 + (0 - (7 - 2) - 